what is -20 - -2444?
2424
In base 3, what is -2 - -1210?
1201
In base 6, what is -4 + 522?
514
In base 14, what is -c6d + 4?
-c69
In base 3, what is 20 + -1121?
-1101
In base 14, what is 3a4 - 5?
39d
In base 2, what is 10111010 + 0?
10111010
In base 14, what is -5 - 58?
-5d
In base 8, what is 1032 + -5?
1025
In base 12, what is -81 - -3?
-7a
In base 6, what is 10 + 3?
13
In base 10, what is 2 + -1054?
-1052
In base 5, what is 10410 - -1?
10411
In base 8, what is 22 + -20?
2
In base 9, what is -28 + 160?
131
In base 3, what is -120010 - 12?
-120022
In base 15, what is 0 - -9?
9
In base 6, what is 1033 + -3?
1030
In base 3, what is 211001221 - -1?
211001222
In base 3, what is 10220 - 2112?
1101
In base 16, what is 5 - -21?
26
In base 7, what is 3 - -152?
155
In base 13, what is -201 + -40?
-241
In base 10, what is 3 + -294?
-291
In base 8, what is 7 + 1244?
1253
In base 3, what is -200 - -1002?
102
In base 6, what is -302512 - 4?
-302520
In base 14, what is 755 + -10?
745
In base 4, what is -22 - -1013?
331
In base 12, what is -279 + 0?
-279
In base 13, what is 5 - 3026?
-3021
In base 14, what is 96c - 0?
96c
In base 3, what is 101011 - -2?
101020
In base 13, what is 0 + -65?
-65
In base 16, what is -5 - 64?
-69
In base 10, what is -140 + -7?
-147
In base 5, what is -30 + 1010?
430
In base 15, what is 4 + -154?
-150
In base 3, what is -1120 + -201?
-2021
In base 5, what is -4 + -3134?
-3143
In base 2, what is -10011000111 + 11?
-10011000100
In base 4, what is 2 + -10132?
-10130
In base 3, what is 22110 + -10?
22100
In base 4, what is 131313 - 1?
131312
In base 13, what is 5b7 - -5?
5bc
In base 15, what is -5 - -1e4?
1de
In base 5, what is -121 - 22?
-143
In base 16, what is 7 - -28?
2f
In base 10, what is 5 + 1115?
1120
In base 12, what is 1 - -30?
31
In base 14, what is 1a - 3?
17
In base 10, what is -173 - 20?
-193
In base 4, what is -11 + -31033?
-31110
In base 6, what is 110240 + 2?
110242
In base 14, what is 7 + -1da?
-1d3
In base 2, what is -10 - 101000?
-101010
In base 8, what is 51 - -4?
55
In base 10, what is 1 + -15?
-14
In base 14, what is -2a5 + -3?
-2a8
In base 7, what is 26 + 664?
1023
In base 11, what is -202a - -3?
-2027
In base 9, what is 1834 - -5?
1840
In base 13, what is -55 - 4?
-59
In base 15, what is 743 - 2?
741
In base 16, what is 0 - -97?
97
In base 12, what is -3 - 44?
-47
In base 3, what is 10 + -10201?
-10121
In base 13, what is -2638 - -1?
-2637
In base 8, what is 14 + -2235?
-2221
In base 6, what is -5 - -4?
-1
In base 6, what is -351425 + -5?
-351434
In base 6, what is 23 + 41?
104
In base 16, what is 3264 + 3?
3267
In base 4, what is -3 + -11233?
-11302
In base 4, what is 1103 - 2022?
-313
In base 12, what is 21b - -11?
230
In base 5, what is -22403 - -11?
-22342
In base 2, what is -1000 + -100?
-1100
In base 10, what is -77 + -1?
-78
In base 11, what is 6 - -56?
61
In base 6, what is 1524 - -2?
1530
In base 11, what is 8695 - 2?
8693
In base 10, what is 3697 + -5?
3692
In base 7, what is -2 + -460?
-462
In base 8, what is 666 + 6?
674
In base 8, what is 46 + 12?
60
In base 11, what is 1 + 229?
22a
In base 6, what is -1 - -2340?
2335
In base 13, what is 2 + 3c4?
3c6
In base 16, what is 1ec - 0?
1ec
In base 13, what is -1 + 6a?
69
In base 6, what is -10 - 4131?
-4141
In base 7, what is -31536 - -3?
-31533
In base 16, what is -87 - 0?
-87
In base 15, what is 4 + -c19?
-c15
In base 14, what is -1a + -4?
-20
In base 16, what is -c + -2?
-e
In base 11, what is -3 + -a0?
-a3
In base 10, what is 985 - -2?
987
In base 16, what is 0 + 1?
1
In base 5, what is -2404 + -12?
-2421
In base 4, what is -312 + -13?
-331
In base 14, what is 17 - -3?
1a
In base 14, what is -2 - -5?
3
In base 9, what is -1720 - 3?
-1723
In base 15, what is 6ec - -3?
700
In base 13, what is 118 - -4?
11c
In base 7, what is -11113 + 0?
-11113
In base 9, what is 1 - -3213?
3214
In base 5, what is -42 + -1404?
-2001
In base 4, what is 1 - 22221?
-22220
In base 14, what is 136a + 0?
136a
In base 6, what is -431 - 1?
-432
In base 11, what is 47 + -4?
43
In base 15, what is 6e - -5?
74
In base 9, what is 88 + -7?
81
In base 16, what is 1381 - 5?
137c
In base 4, what is -10 + 10?
0
In base 4, what is -221 - -22?
-133
In base 7, what is -16 + 2456?
2440
In base 14, what is -1 + -3aa?
-3ab
In base 2, what is -1001111011011011 + -101?
-1001111011100000
In base 12, what is 5 + -18?
-13
In base 8, what is -23 - -16?
-5
In base 16, what is -2 + 4a?
48
In base 5, what is -132 - -324?
142
In base 8, what is -32 + 14?
-16
In base 9, what is 83 + 0?
83
In base 3, what is -12 + 212220?
212201
In base 12, what is -25 + 13b?
116
In base 10, what is -7 + 3818?
3811
In base 6, what is -234 - -3?
-231
In base 12, what is -5 - -14?
b
In base 3, what is 1 + -221?
-220
In base 5, what is -3202 + -3?
-3210
In base 16, what is 2f9 - -4?
2fd
In base 7, what is -4 - 4242?
-4246
In base 3, what is -1121 - 10002?
-11200
In base 4, what is -200 - 2032?
-2232
In base 10, what is 45 + 0?
45
In base 2, what is -1111110110 + 0?
-1111110110
In base 15, what is 1 + -13e?
-13d
In base 3, what is -20 + -1022111?
-1022201
In base 5, what is 10 - 32114?
-32104
In base 3, what is -2010 + -2120?
-11200
In base 10, what is -65 - -1?
-64
In base 11, what is -a + -1074?
-1083
In base 10, what is 12 + 13?
25
In base 12, what is 3 + 9a?
a1
In base 8, what is -145 - 116?
-263
In base 9, what is 6088 + 3?
6102
In base 3, what is 0 - -122211?
122211
In base 10, what is -7 - 944?
-951
In base 6, what is -221 - -2?
-215
In base 3, what is 12 + -11002200?
-11002111
In base 3, what is 1011011 - -10?
1011021
In base 12, what is 805 + 4?
809
In base 14, what is -5 - -4d?
48
In base 14, what is 0 - -c1?
c1
In base 3, what is -12200 + 200?
-12000
In base 4, what is -10 - -322?
312
In base 3, what is -111 + 2111002?
2110121
In base 14, what is 92 + 1?
93
In base 16, what is 58 + 5?
5d
In base 15, what is 4e - 5?
49
In base 5, what is -121 + 1233?
1112
In base 4, what is -2 - 210?
-212
In base 6, what is -1423 + -3?
-1430
In base 7, what is -333 - -4?
-326
In base 13, what is -5 - 304?
-309
In base 7, what is 23 + -20?
3
In base 8, what is -4 - 3351?
-3355
In base 12, what is -3 - 5699?
-56a0
In base 15, what is 0 + c?
c
In base 5, what is 1012 + 13?
1030
In base 14, what is b5b + 4?
b61
In base 16, what is -3 - -4e5?
4e2
In base 14, what is 0 + 98?
98
In base 7, what is 0 - -65?
65
In base 8, what is -16 + 1130?
1112
In base 2, what is -1101110 + -110?
-1110100
In base 14, what is 0 + 21?
21
In base 14, what is 10 - a?
4
In base 8, what is 4 + -14?
-10
In base 4, what is -10 + 232?
222
In base 6, what is 5 - -23325?
23334
In base 10, what is 1 - 268?
-267
In base 12, what is 0 - -b2?
b2
In base 15, what is 4 - -32?
36
In base 3, what is -222 - 10101?
-11100
In base 3, what is -21 - 1221?
-2012
In base 14, what is -5bc + 19?
-5a3
In base 4, what is -2321 + 3?
-2312
In base 7, what is 23 - -360?
413
In base 15, what is -1 + 389?
388
In base 9, what is 38 - 3?
35
In base 12, what is 5 - 11?
-8
In base 10, what is -11131 + -1?
-11132
In base 11, what is -6a8 - -2?
-6a6
In base 4, what is -320 + 33?
-221
In base 16, what is c8 + 3?
cb
In base 10, what is -8577 - -1?
-8576
In base 14, what is -4 + 5d?
59
In base 8, what is 5 + 6076?
6103
In base 15, what is -5 + 1e?
19
In base 12, what is 0 - 3b0?
-3b0
In base 16, what is -f0 - 10?
-100
In base 14, what is 3 + d3a?
d3d
In base 8, what is 467 - 0?
467
In base 6, what is -3 + 42?
35
In base 7, what is 2 + -3330?
-3325
In base 13, what is -47 - -9?
-3b
In base 4, what is 2312012 + -1?
2312011
In base 10, what is 5 + -1451?
-1446
In base 8, what is -11 - -45?
34
In base 16, what is -136 + 3?
-133
In base 6, what is -2120 + 1?
-2115
In base 14, what is -c7 + 2?
-c5
In base 3, what is -22 - 101221?
-102020
In base 8, what is -4 + -4?
-10
In base 4, what is 0 - 2133?
-2133
In base 13, what is 72 - 3?
6c
In base 5, what is 342 - -134?
1031
In base 10, what is -4 + -3?
-7
In base 9, what is 146 - 5?
141
In base 7, what is -531 + 5?
-523
In base 9, what is 3046 + 6?
3053
In base 9, what is -405 + 4?
-401
In base 13, what is -6 + 6?
0
In base 9, what is -137 - -5?
-132
In base 10, what is 0 + 264?
264
In base 8, what is -222 - -14?
-206
In base 14, what is -1 - 458?
-459
I